{"id":3,"date":"2025-05-23T17:17:45","date_gmt":"2025-05-23T17:17:45","guid":{"rendered":"http:\/\/estadio11.pt\/?page_id=3"},"modified":"2025-05-23T21:07:49","modified_gmt":"2025-05-23T21:07:49","slug":"politica-privacidade","status":"publish","type":"page","link":"https:\/\/www.estadio11.pt\/?page_id=3","title":{"rendered":"Pol\u00edtica de privacidade"},"content":{"rendered":"<hr data-start=\"212\" data-end=\"215\" \/>\r\n<h1 class=\"wp-block-heading\" data-start=\"217\" data-end=\"260\"><strong data-start=\"219\" data-end=\"260\">Pol\u00edtica de Privacidade do Est\u00e1dio 11<\/strong><\/h1>\r\n<p data-start=\"262\" data-end=\"296\">\u00daltima atualiza\u00e7\u00e3o: [Inserir data]<\/p>\r\n<h2 data-start=\"298\" data-end=\"320\"><strong data-start=\"301\" data-end=\"318\">1. Quem Somos<\/strong><\/h2>\r\n<p data-start=\"321\" data-end=\"663\">O Est\u00e1dio 11 \u00e9 um \u00f3rg\u00e3o de comunica\u00e7\u00e3o social dedicado \u00e0 fotografia desportiva. O nosso site \u00e9 <a class=\"\" href=\"https:\/\/www.estadio11.pt\" target=\"_new\" rel=\"noopener\" data-start=\"416\" data-end=\"468\">https:\/\/www.estadio11.pt<\/a>.<br data-start=\"469\" data-end=\"472\" \/>Somos respons\u00e1veis pelo tratamento dos dados pessoais recolhidos neste website, de acordo com o disposto no <strong data-start=\"580\" data-end=\"662\">Regulamento (UE) 2016\/679 \u2013 Regulamento Geral sobre a Prote\u00e7\u00e3o de Dados (RGPD)<\/strong>.<\/p>\r\n<hr data-start=\"665\" data-end=\"668\" \/>\r\n<h2 data-start=\"670\" data-end=\"718\"><strong data-start=\"673\" data-end=\"716\">2. Respons\u00e1vel pelo Tratamento de Dados<\/strong><\/h2>\r\n<p data-start=\"719\" data-end=\"945\"><strong data-start=\"719\" data-end=\"728\">Nome:<\/strong> Est\u00e1dio 11 \u2013 Comunica\u00e7\u00e3o e Fotografia Desportiva<br data-start=\"777\" data-end=\"780\" \/><strong data-start=\"780\" data-end=\"802\">Email de contacto:<\/strong> <a class=\"cursor-pointer\" rel=\"noopener\" data-start=\"803\" data-end=\"827\">privacidade@estadio11.pt<\/a><br data-start=\"827\" data-end=\"830\" \/><strong data-start=\"830\" data-end=\"841\">Morada:<\/strong> [Inserir morada da entidade ou sede social]<br data-start=\"885\" data-end=\"888\" \/><strong data-start=\"888\" data-end=\"912\">Telefone (opcional):<\/strong> [Inserir telefone, se aplic\u00e1vel]<\/p>\r\n<hr data-start=\"947\" data-end=\"950\" \/>\r\n<h2 data-start=\"952\" data-end=\"998\"><strong data-start=\"955\" data-end=\"996\">3. Finalidades do Tratamento de Dados<\/strong><\/h2>\r\n<p data-start=\"999\" data-end=\"1074\">Recolhemos e tratamos os seus dados pessoais para as seguintes finalidades:<\/p>\r\n<ul data-start=\"1075\" data-end=\"1328\">\r\n<li data-start=\"1075\" data-end=\"1142\">\r\n<p data-start=\"1077\" data-end=\"1142\">Permitir a intera\u00e7\u00e3o com os conte\u00fados do site (ex.: coment\u00e1rios);<\/p>\r\n<\/li>\r\n<li data-start=\"1143\" data-end=\"1187\">\r\n<p data-start=\"1145\" data-end=\"1187\">Gerir contas de utilizador (se aplic\u00e1vel);<\/p>\r\n<\/li>\r\n<li data-start=\"1188\" data-end=\"1244\">\r\n<p data-start=\"1190\" data-end=\"1244\">Assegurar a seguran\u00e7a da navega\u00e7\u00e3o e prevenir fraudes;<\/p>\r\n<\/li>\r\n<li data-start=\"1245\" data-end=\"1299\">\r\n<p data-start=\"1247\" data-end=\"1299\">Responder a pedidos e comunica\u00e7\u00f5es dos utilizadores;<\/p>\r\n<\/li>\r\n<li data-start=\"1300\" data-end=\"1328\">\r\n<p data-start=\"1302\" data-end=\"1328\">Cumprir obriga\u00e7\u00f5es legais.<\/p>\r\n<\/li>\r\n<\/ul>\r\n<hr data-start=\"1330\" data-end=\"1333\" \/>\r\n<h2 data-start=\"1335\" data-end=\"1366\"><strong data-start=\"1338\" data-end=\"1364\">4. Fundamento Jur\u00eddico<\/strong><\/h2>\r\n<p data-start=\"1367\" data-end=\"1405\">O tratamento dos seus dados baseia-se:<\/p>\r\n<ul data-start=\"1406\" data-end=\"1780\">\r\n<li data-start=\"1406\" data-end=\"1532\">\r\n<p data-start=\"1408\" data-end=\"1532\">No seu <strong data-start=\"1415\" data-end=\"1442\">consentimento expl\u00edcito<\/strong>, quando aplic\u00e1vel (por exemplo, ao subscrever uma newsletter ou ao deixar um coment\u00e1rio);<\/p>\r\n<\/li>\r\n<li data-start=\"1533\" data-end=\"1634\">\r\n<p data-start=\"1535\" data-end=\"1634\">No <strong data-start=\"1538\" data-end=\"1560\">interesse leg\u00edtimo<\/strong> do Est\u00e1dio 11, nomeadamente para fins de seguran\u00e7a e melhoria do servi\u00e7o;<\/p>\r\n<\/li>\r\n<li data-start=\"1635\" data-end=\"1737\">\r\n<p data-start=\"1637\" data-end=\"1737\">Na <strong data-start=\"1640\" data-end=\"1667\">execu\u00e7\u00e3o de um contrato<\/strong> ou dilig\u00eancias pr\u00e9-contratuais (ex.: cria\u00e7\u00e3o de conta de utilizador);<\/p>\r\n<\/li>\r\n<li data-start=\"1738\" data-end=\"1780\">\r\n<p data-start=\"1740\" data-end=\"1780\">No <strong data-start=\"1743\" data-end=\"1779\">cumprimento de obriga\u00e7\u00f5es legais<\/strong>.<\/p>\r\n<\/li>\r\n<\/ul>\r\n<hr data-start=\"1782\" data-end=\"1785\" \/>\r\n<h2 data-start=\"1787\" data-end=\"1810\"><strong data-start=\"1790\" data-end=\"1808\">5. Coment\u00e1rios<\/strong><\/h2>\r\n<p data-start=\"1811\" data-end=\"1984\">Ao deixar coment\u00e1rios no site, recolhemos os dados introduzidos no formul\u00e1rio, o endere\u00e7o IP e o agente de utilizador do navegador. Isto ajuda-nos a detetar e combater spam.<\/p>\r\n<p data-start=\"1986\" data-end=\"2308\">Uma string an\u00f3nima (hash) do seu email pode ser enviada para o servi\u00e7o <strong data-start=\"2057\" data-end=\"2069\">Gravatar<\/strong> para verificar se utiliza essa conta. A pol\u00edtica de privacidade do Gravatar est\u00e1 dispon\u00edvel em: <a class=\"\" href=\"https:\/\/automattic.com\/privacy\" target=\"_new\" rel=\"noopener\" data-start=\"2166\" data-end=\"2230\">https:\/\/automattic.com\/privacy<\/a>. Ap\u00f3s aprova\u00e7\u00e3o, a imagem do seu perfil ser\u00e1 vis\u00edvel junto ao seu coment\u00e1rio.<\/p>\r\n<hr data-start=\"2310\" data-end=\"2313\" \/>\r\n<h2 data-start=\"2315\" data-end=\"2337\"><strong data-start=\"2318\" data-end=\"2335\">6. Multim\u00e9dia<\/strong><\/h2>\r\n<p data-start=\"2338\" data-end=\"2493\">Evite carregar imagens com dados de localiza\u00e7\u00e3o incorporados (EXIF GPS), pois os visitantes do site podem extrair essas informa\u00e7\u00f5es das imagens publicadas.<\/p>\r\n<hr data-start=\"2495\" data-end=\"2498\" \/>\r\n<h2 data-start=\"2500\" data-end=\"2519\"><strong data-start=\"2503\" data-end=\"2517\">7. Cookies<\/strong><\/h2>\r\n<p data-start=\"2520\" data-end=\"2669\">Utilizamos cookies para melhorar a experi\u00eancia do utilizador. Estes pequenos ficheiros de texto s\u00e3o armazenados no seu navegador e podem servir para:<\/p>\r\n<ul data-start=\"2670\" data-end=\"2802\">\r\n<li data-start=\"2670\" data-end=\"2730\">\r\n<p data-start=\"2672\" data-end=\"2730\">Guardar os seus dados quando comenta (nome, email e site);<\/p>\r\n<\/li>\r\n<li data-start=\"2731\" data-end=\"2762\">\r\n<p data-start=\"2733\" data-end=\"2762\">Reconhecer sess\u00f5es iniciadas;<\/p>\r\n<\/li>\r\n<li data-start=\"2763\" data-end=\"2802\">\r\n<p data-start=\"2765\" data-end=\"2802\">Guardar prefer\u00eancias de visualiza\u00e7\u00e3o.<\/p>\r\n<\/li>\r\n<\/ul>\r\n<p data-start=\"2804\" data-end=\"2938\">Pode consultar a nossa [Pol\u00edtica de Cookies] (link para pol\u00edtica detalhada, se dispon\u00edvel) para saber mais e gerir as suas permiss\u00f5es.<\/p>\r\n<hr data-start=\"2940\" data-end=\"2943\" \/>\r\n<h2 data-start=\"2945\" data-end=\"2993\"><strong data-start=\"2948\" data-end=\"2991\">8. Conte\u00fado Incorporado de Outros Sites<\/strong><\/h2>\r\n<p data-start=\"2994\" data-end=\"3309\">Os artigos podem conter conte\u00fados incorporados (ex.: v\u00eddeos, imagens, etc.) que se comportam como se o utilizador estivesse a visitar diretamente esses sites. Esses sites podem recolher dados, usar cookies e monitorizar a sua intera\u00e7\u00e3o com o conte\u00fado incorporado, sobretudo se tiver sess\u00e3o iniciada nesses servi\u00e7os.<\/p>\r\n<hr data-start=\"3311\" data-end=\"3314\" \/>\r\n<h2 data-start=\"3316\" data-end=\"3362\"><strong data-start=\"3319\" data-end=\"3360\">9. Com Quem Partilhamos os Seus Dados<\/strong><\/h2>\r\n<p data-start=\"3363\" data-end=\"3550\">N\u00e3o partilhamos dados pessoais com terceiros para fins comerciais. No entanto, alguns dados podem ser enviados a servi\u00e7os externos estritamente necess\u00e1rios ao funcionamento do site, como:<\/p>\r\n<ul data-start=\"3551\" data-end=\"3678\">\r\n<li data-start=\"3551\" data-end=\"3587\">\r\n<p data-start=\"3553\" data-end=\"3587\">Servi\u00e7os anti-spam (ex.: Akismet);<\/p>\r\n<\/li>\r\n<li data-start=\"3588\" data-end=\"3628\">\r\n<p data-start=\"3590\" data-end=\"3628\">Plataformas de alojamento e seguran\u00e7a;<\/p>\r\n<\/li>\r\n<li data-start=\"3629\" data-end=\"3678\">\r\n<p data-start=\"3631\" data-end=\"3678\">Autoridades legais, em caso de obriga\u00e7\u00e3o legal.<\/p>\r\n<\/li>\r\n<\/ul>\r\n<hr data-start=\"3680\" data-end=\"3683\" \/>\r\n<h2 data-start=\"3685\" data-end=\"3725\"><strong data-start=\"3688\" data-end=\"3723\">10. Reten\u00e7\u00e3o dos Dados Pessoais<\/strong><\/h2>\r\n<ul data-start=\"3726\" data-end=\"4055\">\r\n<li data-start=\"3726\" data-end=\"3798\">\r\n<p data-start=\"3728\" data-end=\"3798\">Os coment\u00e1rios e respetivos metadados s\u00e3o guardados indefinidamente.<\/p>\r\n<\/li>\r\n<li data-start=\"3799\" data-end=\"3883\">\r\n<p data-start=\"3801\" data-end=\"3883\">Os dados de utilizadores registados s\u00e3o mantidos enquanto a conta estiver ativa.<\/p>\r\n<\/li>\r\n<li data-start=\"3884\" data-end=\"4055\">\r\n<p data-start=\"3886\" data-end=\"4055\">Pode editar ou eliminar os seus dados pessoais a qualquer momento (exceto o nome de utilizador). Os administradores tamb\u00e9m t\u00eam acesso para efeitos de gest\u00e3o e seguran\u00e7a.<\/p>\r\n<\/li>\r\n<\/ul>\r\n<hr data-start=\"4057\" data-end=\"4060\" \/>\r\n<h2 data-start=\"4062\" data-end=\"4112\"><strong data-start=\"4065\" data-end=\"4110\">11. Os Seus Direitos (Nos Termos do RGPD)<\/strong><\/h2>\r\n<p data-start=\"4113\" data-end=\"4166\">Enquanto titular de dados, tem os seguintes direitos:<\/p>\r\n<ul data-start=\"4167\" data-end=\"4565\">\r\n<li data-start=\"4167\" data-end=\"4206\">\r\n<p data-start=\"4169\" data-end=\"4206\"><strong data-start=\"4169\" data-end=\"4190\">Direito de acesso<\/strong> aos seus dados;<\/p>\r\n<\/li>\r\n<li data-start=\"4207\" data-end=\"4271\">\r\n<p data-start=\"4209\" data-end=\"4271\"><strong data-start=\"4209\" data-end=\"4235\">Direito de retifica\u00e7\u00e3o<\/strong> de dados incorretos ou incompletos;<\/p>\r\n<\/li>\r\n<li data-start=\"4272\" data-end=\"4343\">\r\n<p data-start=\"4274\" data-end=\"4343\"><strong data-start=\"4274\" data-end=\"4299\">Direito ao apagamento<\/strong> dos seus dados (\u201cdireito a ser esquecido\u201d);<\/p>\r\n<\/li>\r\n<li data-start=\"4344\" data-end=\"4384\">\r\n<p data-start=\"4346\" data-end=\"4384\"><strong data-start=\"4346\" data-end=\"4369\">Direito \u00e0 limita\u00e7\u00e3o<\/strong> do tratamento;<\/p>\r\n<\/li>\r\n<li data-start=\"4385\" data-end=\"4434\">\r\n<p data-start=\"4387\" data-end=\"4434\"><strong data-start=\"4387\" data-end=\"4410\">Direito de oposi\u00e7\u00e3o<\/strong> ao tratamento de dados;<\/p>\r\n<\/li>\r\n<li data-start=\"4435\" data-end=\"4475\">\r\n<p data-start=\"4437\" data-end=\"4475\"><strong data-start=\"4437\" data-end=\"4464\">Direito \u00e0 portabilidade<\/strong> dos dados;<\/p>\r\n<\/li>\r\n<li data-start=\"4476\" data-end=\"4565\">\r\n<p data-start=\"4478\" data-end=\"4565\"><strong data-start=\"4478\" data-end=\"4516\">Direito de retirar o consentimento<\/strong>, quando o tratamento se baseie nesse fundamento.<\/p>\r\n<\/li>\r\n<\/ul>\r\n<p data-start=\"4567\" data-end=\"4655\">Para exercer qualquer destes direitos, envie um email para <strong data-start=\"4626\" data-end=\"4654\"><a class=\"cursor-pointer\" rel=\"noopener\" data-start=\"4628\" data-end=\"4652\">privacidade@estadio11.pt<\/a><\/strong>.<\/p>\r\n<p data-start=\"4657\" data-end=\"4864\">Se considerar que os seus direitos n\u00e3o foram respeitados, pode apresentar reclama\u00e7\u00e3o \u00e0 autoridade de controlo:<br data-start=\"4767\" data-end=\"4770\" \/><strong data-start=\"4770\" data-end=\"4819\">Comiss\u00e3o Nacional de Prote\u00e7\u00e3o de Dados (CNPD)<\/strong> \u2013 <a class=\"\" href=\"https:\/\/www.cnpd.pt\" target=\"_new\" rel=\"noopener\" data-start=\"4822\" data-end=\"4864\">https:\/\/www.cnpd.pt<\/a><\/p>\r\n<hr data-start=\"4866\" data-end=\"4869\" \/>\r\n<h2 data-start=\"4871\" data-end=\"4903\"><strong data-start=\"4874\" data-end=\"4901\">12. Seguran\u00e7a dos Dados<\/strong><\/h2>\r\n<p data-start=\"4904\" data-end=\"5068\">Implementamos medidas t\u00e9cnicas e organizativas adequadas para proteger os dados pessoais contra perda, uso indevido, acesso n\u00e3o autorizado, divulga\u00e7\u00e3o ou altera\u00e7\u00e3o.<\/p>","protected":false},"excerpt":{"rendered":"<p>Pol\u00edtica de Privacidade do Est\u00e1dio 11 \u00daltima atualiza\u00e7\u00e3o: [Inserir data] 1. Quem Somos O Est\u00e1dio 11 \u00e9 um \u00f3rg\u00e3o de comunica\u00e7\u00e3o social dedicado \u00e0 fotografia desportiva. O nosso site \u00e9 https:\/\/www.estadio11.pt.Somos respons\u00e1veis pelo tratamento dos dados pessoais recolhidos neste website, de acordo com o disposto no Regulamento (UE) 2016\/679 \u2013 Regulamento Geral sobre a Prote\u00e7\u00e3o [&hellip;]<\/p>\n","protected":false},"author":1,"featured_media":0,"parent":0,"menu_order":0,"comment_status":"closed","ping_status":"open","template":"","meta":{"cybocfi_hide_featured_image":"","footnotes":""},"class_list":["post-3","page","type-page","status-publish","hentry"],"blocksy_meta":[],"_links":{"self":[{"href":"https:\/\/www.estadio11.pt\/index.php?rest_route=\/wp\/v2\/pages\/3","targetHints":{"allow":["GET"]}}],"collection":[{"href":"https:\/\/www.estadio11.pt\/index.php?rest_route=\/wp\/v2\/pages"}],"about":[{"href":"https:\/\/www.estadio11.pt\/index.php?rest_route=\/wp\/v2\/types\/page"}],"author":[{"embeddable":true,"href":"https:\/\/www.estadio11.pt\/index.php?rest_route=\/wp\/v2\/users\/1"}],"replies":[{"embeddable":true,"href":"https:\/\/www.estadio11.pt\/index.php?rest_route=%2Fwp%2Fv2%2Fcomments&post=3"}],"version-history":[{"count":3,"href":"https:\/\/www.estadio11.pt\/index.php?rest_route=\/wp\/v2\/pages\/3\/revisions"}],"predecessor-version":[{"id":3306,"href":"https:\/\/www.estadio11.pt\/index.php?rest_route=\/wp\/v2\/pages\/3\/revisions\/3306"}],"wp:attachment":[{"href":"https:\/\/www.estadio11.pt\/index.php?rest_route=%2Fwp%2Fv2%2Fmedia&parent=3"}],"curies":[{"name":"wp","href":"https:\/\/api.w.org\/{rel}","templated":true}]}}